
Let u(d) = -d**2 + 12*d - 135. Give u(-13).
-460
Let r(s) = s**3 - 15*s**2 - 42*s + 535. What is r(20)?
1695
Let i(w) = 10*w**3 + 2805*w**2 + 1400*w + 8. What is i(-280)?
8
Let a(l) = -8*l**2 - 6974*l + 441308. Give a(-931).
14
Let g(a) = a**3 - 3*a**2 - 13*a + 164. Give g(-4).
104
Let v(a) = -2*a**3 + 114*a**2 + 695*a - 45200. Give v(56).
-8
Let u(g) = -387*g - 12374. Calculate u(-31).
-377
Let i(y) = -y**3 - 268*y**2 - 6457*y - 92805. Calculate i(-243).
21
Let u(w) = -2969*w - 19189. Determine u(-7).
1594
Let r(v) = 1598*v - 9004. What is r(9)?
5378
Let a(p) = p**2 + 669*p + 77498. Determine a(-149).
18
Let z(n) = -9454*n + 1862431. Give z(197).
-7
Let c(n) = -168330*n + 3198308. What is c(19)?
38
Let p(b) = -b**2 + 426191*b + 3409595. Determine p(-8).
3
Let f(a) = -a**3 + 144*a**2 + 353*a - 30251. Give f(145).
-91
Let d(c) = -19*c**3 + 1978*c**2 - 197*c - 1111. Determine d(104).
33
Let m(s) = -s**2 - 648*s - 37565. Calculate m(-65).
330
Let j(s) = 2*s**3 + 1462*s**2 + 1487*s + 19698. Give j(-730).
-12
Let c(i) = -3*i**3 + 92*i**2 - 6*i - 936. Calculate c(30).
684
Let w(l) = 2695*l - 13399. Give w(5).
76
Let s(n) = -2*n**2 - 13761*n - 3468108. Give s(-262).
-14
Let z(l) = -5*l**2 + 2100308*l - 4200618. Determine z(2).
-22
Let d(l) = 5*l**3 + 225*l**2 - 2867*l - 129024. What is d(-45)?
-9
Let y(a) = 16*a**3 + 3012*a**2 + 749*a - 506. Calculate y(-188).
58
Let x(v) = -292*v - 4532. Give x(-30).
4228
Let f(o) = -2*o**3 - 52*o**2 + 636*o + 131. Give f(-35).
-79
Let g(c) = -575*c - 11572. Determine g(-20).
-72
Let d(v) = v**2 - 4774. Determine d(-69).
-13
Let o(d) = 82310*d - 11358786. Give o(138).
-6
Let d(s) = 44*s**2 - 6590*s - 250. Determine d(150).
1250
Let u(b) = 371*b**3 - 6*b**2 - 17*b - 5. Determine u(-2).
-2963
Let r(w) = 14*w**2 - 2507*w + 4997. Calculate r(2).
39
Let r(f) = -287*f + 913. Give r(3).
52
Let f(x) = x**2 + 141*x + 3607. Calculate f(-62).
-1291
Let r(i) = 2*i**2 - 108*i - 742. Give r(-7).
112
Let k(c) = -2*c**2 - 1128*c - 24897. Calculate k(-23).
-11
Let d(j) = -4*j**2 + 512*j + 103340. Give d(-109).
8
Let y(b) = -40695*b - 3988103. Give y(-98).
7
Let u(v) = v**2 + 55*v + 527. Calculate u(-16).
-97
Let j(n) = -n**3 - 58*n**2 + 661*n + 4876. Calculate j(14).
18
Let q(w) = -1541*w + 17006. Determine q(11).
55
Let q(k) = -5*k**2 + 515*k + 511. Determine q(104).
-9
Let c(p) = 20*p**3 + 86*p**2 + 70*p + 195. Give c(-4).
11
Let v(h) = 372*h + 20167. Calculate v(-54).
79
Let v(u) = -809*u + 3215. Calculate v(4).
-21
Let z(k) = -209*k**3 + 32601*k**2 + 467*k + 142. Give z(156).
-14
Let s(j) = -5206*j + 546438. Calculate s(105).
-192
Let h(b) = -3*b**2 - 6070*b + 67015. Calculate h(11).
-118
Let p(l) = -2*l**2 + 9931*l - 2685465. Determine p(287).
-6
Let a(d) = d**3 + 64*d**2 - 243*d - 19201. Determine a(-63).
77
Let m(t) = 3*t**2 - 4196*t - 383141. Give m(-86).
-97
Let b(d) = 4*d**3 - d**2 - 93342*d + 373376. Calculate b(4).
248
Let j(c) = -3*c**3 - 12*c**2 + 1139*c - 10217. Determine j(9).
-3125
Let y(u) = u**3 - 82*u**2 - 347*u + 118. Give y(86).
-140
Let q(w) = w**3 - 297*w**2 + 19604*w - 186. Give q(99).
12
Let z(d) = 4470*d - 545369. What is z(122)?
-29
Let l(k) = 2598*k + 25575. Give l(-10).
-405
Let n(p) = -p**3 + 325*p**2 - 20365*p - 8334. Give n(240).
66
Let w(o) = -689*o - 50342. Give w(-73).
-45
Let u(b) = -15699*b - 1381520. Calculate u(-88).
-8
Let i(b) = -b**3 - 278*b**2 + 12714*b + 238. Calculate i(40).
-2
Let r(a) = 16150*a - 48458. Calculate r(3).
-8
Let h(c) = 3122*c + 868045. Calculate h(-278).
129
Let v(n) = n**3 - 2489*n**2 - 12471*n - 9. Determine v(-5).
-4
Let r(x) = -288478*x + 9808217. Calculate r(34).
-35
Let v(p) = -10063*p - 49845. What is v(-5)?
470
Let q(p) = p**3 - 3476*p - 20627. Give q(-6).
13
Let t(r) = -379279*r + 758561. What is t(2)?
3
Let t(x) = 550*x**3 - 488*x**2 + 977*x - 4. What is t(2)?
4398
Let a(f) = -4*f**2 + 318*f + 8788. Give a(106).
-2448
Let q(w) = -407*w**2 - 1952*w + 3. Give q(-5).
-412
Let p(q) = -362*q**3 - 663*q**2 + 665*q - 2. What is p(1)?
-362
Let w(q) = -1911*q**2 - 147*q - 148. Determine w(-1).
-1912
Let x(b) = 5257*b - 1729532. Calculate x(329).
21
Let a(f) = 3*f**2 + 1127*f + 80531. Calculate a(-95).
541
Let g(w) = -6*w**2 + 17*w + 264. Calculate g(-5).
29
Let q(z) = z**3 - 494*z**2 - 15127*z - 20911. What is q(523)?
9
Let r(m) = -m**3 + 182*m**2 - 6910*m - 282. What is r(128)?
-26
Let r(f) = 2978*f + 14928. Give r(-5).
38
Let s(m) = 6*m**3 - 7*m**2 - 23*m - 11. Calculate s(-2).
-41
Let k(g) = 4605*g + 336157. Give k(-73).
-8
Let c(f) = 64*f + 995. Calculate c(-26).
-669
Let p(m) = -m**3 - 697*m**2 + 6356*m + 4430143. Give p(-697).
11
Let s(d) = -41213*d - 164749. Calculate s(-4).
103
Let f(o) = -16*o**2 + 2835*o + 5704. Give f(-2).
-30
Let g(i) = -4*i**2 - 108*i + 431. What is g(4)?
-65
Let h(i) = -2428*i - 46113. Give h(-19).
19
Let b(j) = j**2 + 1448*j + 506739. Calculate b(-592).
-13
Let d(i) = 5206*i + 385248. What is d(-74)?
4
Let k(s) = -s**2 - 597*s + 74514. What is k(106)?
-4
Let z(i) = 19890*i + 40014. What is z(-2)?
234
Let b(s) = 5*s**3 - 10*s**2 - 20*s + 14. Calculate b(3).
-1
Let a(v) = 2325*v + 1181098. Calculate a(-508).
-2
Let b(p) = p**3 - 51*p**2 + 574*p + 471. Calculate b(33).
-189
Let f(c) = c**3 - 61*c**2 + 915*c + 311. What is f(33)?
14
Let d(b) = 8*b**2 - 87*b - 3533. Calculate d(27).
-50
Let k(w) = 62235*w + 5974561. Give k(-96).
1
Let d(w) = -165*w + 9041. Give d(66).
-1849
Let n(y) = y**3 - 70*y**2 - 335*y - 2989. What is n(75)?
11
Let n(l) = 43*l**2 + 7321*l + 14641. Calculate n(-2).
171
Let s(d) = -d**2 - 709*d + 25632. Determine s(37).
-1970
Let a(l) = 606*l - 90285. Calculate a(149).
9
Let b(o) = -o**3 + 809*o**2 + 4815*o + 61131. What is b(815)?
6
Let f(i) = i**2 + 10266*i + 215192. What is f(-21)?
47
Let u(w) = 3751*w**2 - 78767*w + 41. Calculate u(21).
125
Let x(j) = 2*j**2 - 693*j + 473. What is x(346)?
127
Let k(z) = -z**3 - 299*z**2 + 6911*z - 11. Determine k(21).
4000
Let a(n) = -25*n**2 - 433*n - 1857. Give a(-7).
-51
Let v(q) = 8*q**3 - 73*q**2 + 110*q - 872. Determine v(9).
37
Let o(q) = q**2 + 854*q + 164434. Determine o(-560).
-206
Let r(i) = -175*i**2 + 963*i + 504. Calculate r(6).
-18
Let o(d) = 2*d**3 - 1057*d**2 - 2696*d + 21804. Give o(531).
33
Let m(n) = n**3 + 175*n**2 - 4550*n - 85066. Calculate m(-196).
-2
Let j(d) = -125*d**3 - 1018*d**2 - 157*d - 54. Determine j(-8).
50
Let k(l) = 52*l - 1554. Give k(35).
266
Let i(v) = -2*v + 71. Calculate i(20).
31
Let y(a) = 2*a**3 + 153*a**2 - 1252*a + 975. Give y(-84).
303
Let i(d) = 5*d**2 - 106*d - 199. Calculate i(27).
584
Let t(o) = 60*o**2 + 1396*o - 1398. Determine t(1).
58
Let x(m) = -3*m**2 + 11*m + 779. Give x(-17).
-275
Let f(c) = 2*c**3 + 16*c**2 - 3673*c - 33064. Give f(-9).
-169
Let j(o) = 3298*o - 1721. Calculate j(1).
1577
Let j(h) = -h**3 + 47*h**2 - 1100*h - 3726. What is j(-3)?
24
Let x(p) = p**2 + 312*p - 1818. Determine x(6).
90
Let r(c) = 3*c**2 - 373*c - 3491. Determine r(-9).
109
Let r(t) = -9*t**2 + 93*t - 22. What is r(7)?
188
Let t(w) = w**3 + 260*w**2 - 2966*w + 4120. Calculate t(-271).
55
Let u(q) = 6*q**2 + 2203*q + 15452. What is u(-360)?
-28
Let m(p) = -p**2 + 173*p + 20357. Determine m(-83).
-891
Let n(h) = 1557*h - 129226. What is n(83)?
5
Let m(p) = p**3 + 25*p**2 + 413*p + 12615. Determine m(-27).
6
Let n(d) = -4*d**2 + 29398*d + 323903. Give n(-11).
41
Let g(p) = -5*p**2 + 448*p - 4102. Determine g(10).
-122
Let q(k) = 204*k + 9229. Give q(-46).
-155
Let c(h) = 2*h**2 - 1898*h + 26180. What is c(14)?
0
Let u(h) = 6*h**2 + 53319*h + 266504. Give u(-5).
59
Let j(y) = -10*y**2 + 445*y + 109. What is j(47)?
-1066
Let i(r) = r**3 + 2159*r + 25076. Determine i(-11).
-4
Let r(l) = l**3 - 127*l**2 + 887*l + 20652. What is r(118)?
2
Let z(s) = 34*s**3 + 2082*s**2 + 490*s + 182. Calculate z(-61).
60
Let a(n) = -n**3 + 41*n**2 + 218*n + 724. Determine a(46).
172
Let i(n) = 2265*n - 22575. Calculate i(9).
-2190
Let g(m) = -5*m**3 - 69*m**2 - 56*m - 44. What is g(-15)?
2146
Let q(w) = 47764*w - 47748. Give q(1).
16
Let m(d) = -3*d**2 - 1885*d - 258618. What is m(-426)?
-36
Let f(p) = p**3 + 23*p**2 - 136*p - 591. Give f(-27).
165
Let g(c) = 18*c**2 - 800*c - 9765. Give g(-10).
35
Let a(b) = 5*b**3 - b**2 + 9160*b - 9158. Determine a(1).
6
Let z(q) = 